q(r) = -3*r**2 - 2. Let z be q(c). Let l = 67 + z. Calculate the remainder when l is divided by 13.
12
Suppose -4*o = o - 110. Suppose 7 = -3*c + o. Calculate the remainder when 18 is divided by c.
3
Let y be 1*-3*65/(-39). Suppose 0 = -0*d - y*d + 20. What is the remainder when 8 is divided by d?
0
Suppose 8*b - 3*b = 820. Suppose 0 = 3*x - 4*x + v + 37, 5*x + 2*v - b = 0. What is the remainder when 99 is divided by x?
31
Let r(u) = 6*u - 13. Let p be r(-6). Let m = -27 - p. Calculate the remainder when 86 is divided by m.
20
Let l(d) = 2*d**2 + 5*d - 2. Let h be l(3). Let z = 50 - h. What is the remainder when z is divided by 10?
9
Let a = 6 - 7. Let q be (1/(-2) - a)*4. Calculate the remainder when 15 is divided by q/(-14) + (-640)/(-70).
6
Suppose 0 = 5*o - 9 - 11. What is the remainder when o/(32/20)*2 is divided by 4?
1
Suppose 2*l - 6*l + 14 = g, 4*l - g = 10. Suppose d + l*d = 8, -53 = -5*b - 4*d. What is the remainder when 24 is divided by b?
6
Let v = -63 - -118. Let o = -35 + v. What is the remainder when 39 is divided by o?
19
Let o = 27 - 16. What is the remainder when (-2 + -4)/((-4)/20) is divided by o?
8
Suppose w - 36 = -3*w + 3*h, 0 = 5*h. What is the remainder when 21 is divided by w?
3
Suppose 5*x - 8 = -2*c, 0 = -5*c - x - 7 - 19. Let n(t) = -11*t - 9. Calculate the remainder when n(c) is divided by 20.
17
Let v be 0/(2 + 1) - -2. Suppose 0 = v*b + b - 123. What is the remainder when b is divided by (2/(-5))/(2/(-70))?
13
Let n(f) = -f**2 + 15*f - 11. Let r = -3 - -17. Calculate the remainder when n(10) is divided by r.
11
Let g(s) = 15*s**2 + 2*s + 1. Let h be g(-4). Let o = h - 131. Suppose 0*w = 3*w - o. Calculate the remainder when w is divided by 12.
10
Suppose -2*k + 9 = -13. Calculate the remainder when 27 is divided by k.
5
Let c be 0 - (64 + -1 + -1). Let k = -28 - c. What is the remainder when k is divided by 12?
10
Suppose 0 = 4*h - 8, -2*y - 2*h = -7*h - 6. What is the remainder when 46 is divided by y?
6
Suppose 5*n + 5*h = -0*h + 20, 40 = 5*n - 5*h. Let t be 26/6 + (-1)/3. Suppose 33 = t*k - k. Calculate the remainder when k is divided by n.
5
Suppose 0 = -t + 2, -3*t = 4*c - t - 36. Suppose 6 = 4*r - 2*b - 10, -b = 0. What is the remainder when r/(-14) - (-321)/21 is divided by c?
7
Let j(q) = 2*q**3 - 4*q**2 - 3*q + 1. Calculate the remainder when j(4) is divided by 27.
26
Let p = -31 - -84. What is the remainder when p is divided by 11?
9
Let k(g) = -g**3 + 7*g**2 + 6*g - 5. Suppose -5*w + 3*w = -16. Let o be k(w). Let l = o - -51. What is the remainder when l is divided by 16?
14
Let p = 110 - 65. What is the remainder when p is divided by 13?
6
Suppose -15 = 2*g - 5*s + 8, 0 = -g - s + 6. Let l = -35 + 37. Calculate the remainder when l is divided by g.
0
Let m = -19 - -16. Let y = m + 10. Calculate the remainder when 20 is divided by y.
6
Let k(w) = -w**3 - 16*w**2 - 16*w + 15. Suppose -f = -2*g + 4*f + 5, 4*f + 27 = -3*g. Let b(n) = -2*n + 6. What is the remainder when k(-15) is divided by b(g)?
14
Let f(n) = n**3 - 4*n**2 + 4*n - 2. Let i be f(2). Let t be -1 - 1 - (-4 - i). What is the remainder when 3 - (-4)/(2 + t) is divided by 3?
2
Let n = 16 - 8. Suppose 0 = -5*i + 3*u + n, 6 = 5*i - 2*u - 6. Suppose 0 = i*j - 5*l - 32, 3*j - 35 = -0*j + l. What is the remainder when j is divided by 7?
6
Let u(m) = 7*m. What is the remainder when u(2) is divided by 3?
2
Let j be 9/6 + (-1)/2. What is the remainder when 12 is divided by (13 - -1)*j/2?
5
Let l(a) = 49*a - 6. Let q be l(3). Let f = q - 98. What is the remainder when f is divided by 15?
13
Let j(g) = 16*g**2 + g - 1. Suppose 2 = -2*z + 3*z. Let f = 39 - 17. Calculate the remainder when j(z) is divided by f.
21
Suppose 335 = 2*b + 1. Calculate the remainder when b is divided by 28.
27
Let b(g) = -5*g. Let x(t) = -t**3 - 3*t**2 + t - 1. Let a be x(-3). Suppose -q + 4*v + 3 = 0, 10 = q + v - 3. What is the remainder when b(a) is divided by q?
9
What is the remainder when 24 is divided by 6/8 - 294/(-24)?
11
Let o = 23 - 13. Let l = o - 6. What is the remainder when l is divided by 2?
0
Let k(q) = -q + 12. What is the remainder when 25 is divided by k(5)?
4
Suppose i - 10 = -i. Suppose -4*n = -i*t - 73, 0*n + 3*n + 9 = 0. Let x = t - -52. What is the remainder when x is divided by 12?
11
Suppose -2*t = 7*t - 279. What is the remainder when t is divided by 6?
1
Let k(h) = -h**3 - 6*h**2 - 4*h + 5. Let p be k(-5). Suppose 4*x - 66 = 2*r, p*x - 3*r = 4*x - 81. What is the remainder when 52 is divided by x?
16
Suppose -3*x = -v - 47, -4*v = -x - v + 5. Calculate the remainder when x is divided by ((-4)/(-12))/((-4)/(-72)).
5
Suppose o = -5*g + 53, -84 = -3*o - 3*g + 15. What is the remainder when 77 is divided by o?
21
Let t(g) = -g**2 - 8*g - 3. Let z be t(-7). Suppose 0*v - 5*v = 0. Suppose 2*o - z = -v*o. What is the remainder when 4 is divided by o?
0
Let q = 23 - 21. Calculate the remainder when q is divided by 1.
0
Suppose 3*d - 3*b - 12 = 0, 2*d + 0 = b + 3. Let m be -2 + (d - -1) - 0. Let r = m + 13. Calculate the remainder when 20 is divided by r.
9
Let g(p) = 3*p + 27. Let o = 24 - 10. What is the remainder when g(0) is divided by o?
13
Let s be (-32)/24*(-9)/4. Let k be 0 + 7/1 + -1. Calculate the remainder when 42 is divided by (27/k)/s*10.
12
Let w(n) = 15*n. Let t be w(2). Suppose -x + 17 = 5*p - 3*x, -5*x + t = 2*p. Suppose -16 = -p*y + 39. What is the remainder when y is divided by 4?
3
Suppose 35*l - 38*l + 39 = 0. Calculate the remainder when l is divided by 4.
1
Let g be (-6)/(-10) + (-832)/(-5). Suppose 6*i = g - 65. Suppose -3*r - 2*p + 215 = -7*p, -4 = p. Calculate the remainder when r is divided by i.
14
Suppose 3*v - 2*v - 10 = 0. Calculate the remainder when 13 is divided by v.
3
Let b be 3 - (0 - -39) - 2. Let k = b - -62. Calculate the remainder when 5 is divided by (k/16)/(2/4).
2
Let x(a) be the first derivative of 1/3*a**3 + a - 1 + a**2 - 5*a**4. Calculate the remainder when x(-1) is divided by 11.
9
Let r = 0 - -2. Suppose 0*o + 70 = 5*d + 2*o, -r*d - o + 29 = 0. What is the remainder when 23 is divided by d?
11
Suppose -2*a - 2*a + 70 = 2*u, 16 = a + 2*u. What is the remainder when 70 is divided by a?
16
Let d(u) = u**3 - 4*u**2 - 5*u + 3. Let b be d(6). Suppose 5*r = 10 + b. What is the remainder when 21 is divided by r?
10
What is the remainder when 3*6/45 + (-474)/(-15) is divided by 18?
14
Let h(y) = 7*y**3 - 2*y**2 + y. Let q = -2 - -3. Calculate the remainder when h(q) is divided by 2 - (3 + -5) - 0.
2
Let i = 24 - 10. Suppose -8*a + 11*a - 117 = 0. What is the remainder when a is divided by i?
11
Suppose -57 = -4*g + 7. Calculate the remainder when (1 - 0)/((-2)/(-62)) is divided by g.
15
Let k(m) = m**3 + 5*m**2 - 11*m - 8. Calculate the remainder when k(-5) is divided by 35.
12
Suppose -o + 5*r = -44, 0 = 3*o + r - 41 - 11. What is the remainder when o is divided by 10?
9
Suppose 7*h - 8*h = -5. Suppose -2*a + 3*s = -17, -a - 1 + 6 = -h*s. Calculate the remainder when 27 is divided by a.
7
Let l = 105 + -42. Calculate the remainder when l is divided by 16.
15
Let a be 3 + 0*1/3. Let h(x) = -2 - 8*x - a + 2 - x**2. Calculate the remainder when 23 is divided by h(-3).
11
Let b be 2/10 + (-328)/(-10). Suppose -d + 4*s - b = -6*d, 5*s = -15. Calculate the remainder when 15 is divided by d.
6
Calculate the remainder when 24*4 - (-5 + 4 - 0) is divided by 25.
22
Suppose -134 = -4*t + 3*x - 19, 5*x = 5*t - 145. Let f(b) = -13*b + 3. What is the remainder when f(-4) is divided by t?
27
Let c = 1 - -4. Suppose -z + 9 = -3*b, c*z - b = -42 + 129. What is the remainder when z is divided by 4?
2
Suppose -2*k + 5*x = 32, 0 = -5*k - 0*k + 4*x - 46. Calculate the remainder when (57/6)/((-1)/k) is divided by 15.
12
Calculate the remainder when (3*1)/((-7)/(-63)) is divided by 15.
12
Let j be (-6)/(-4) + (-354)/(-12). Suppose -4*u - 7 + j = 0. Calculate the remainder when 15 is divided by u.
3
Let k(w) = 3*w - 13. Let m be k(9). Let i be 96/56 + 4/m. Suppose 0 = -4*b + 8, -i*b + 5 + 3 = 2*q. Calculate the remainder when 5 is divided by q.
1
Suppose -13*o - 320 = -1191. Calculate the remainder when o is divided by 10.
7
Let r(w) = 5*w + 2. Suppose -h = 3*h - 96. Suppose 5*l - h = 3*l. What is the remainder when l is divided by r